{"id":10,"date":"2022-09-20T03:56:34","date_gmt":"2022-09-20T03:56:34","guid":{"rendered":"https:\/\/coesa.com.mx\/project\/?page_id=10"},"modified":"2025-05-17T17:26:44","modified_gmt":"2025-05-17T17:26:44","slug":"coesa","status":"publish","type":"page","link":"https:\/\/coesa.com.mx\/project\/coesa\/","title":{"rendered":"Coesa"},"content":{"rendered":"<p>[et_pb_section fb_built=\u00bb1&#8243; admin_label=\u00bbPage Header\u00bb _builder_version=\u00bb4.27.4&#8243; background_color=\u00bb#0065A4&#8243; background_image=\u00bbhttps:\/\/coesa.com.mx\/project\/wp-content\/uploads\/2022\/09\/malla-varilla-min.jpg\u00bb background_blend=\u00bbhard-light\u00bb custom_padding=\u00bb30px|0px|24.1px|0px|false|false\u00bb animation_style=\u00bbzoom\u00bb animation_intensity_zoom=\u00bb4%\u00bb hover_enabled=\u00bb0&#8243; global_colors_info=\u00bb{}\u00bb sticky_enabled=\u00bb0&#8243;][et_pb_row _builder_version=\u00bb4.18.0&#8243; background_enable_image=\u00bboff\u00bb background_size=\u00bbinitial\u00bb background_position=\u00bbtop_left\u00bb background_repeat=\u00bbrepeat\u00bb background_blend=\u00bbhard-light\u00bb custom_padding=\u00bb||19px|||\u00bb animation_style=\u00bbslide\u00bb animation_direction=\u00bbtop\u00bb animation_intensity_slide=\u00bb3%\u00bb global_colors_info=\u00bb{}\u00bb][et_pb_column type=\u00bb4_4&#8243; _builder_version=\u00bb4.16&#8243; custom_padding=\u00bb|||\u00bb global_colors_info=\u00bb{}\u00bb custom_padding__hover=\u00bb|||\u00bb][et_pb_divider show_divider=\u00bboff\u00bb disabled_on=\u00bbon|on|off\u00bb _builder_version=\u00bb4.18.0&#8243; max_width=\u00bb120px\u00bb animation_style=\u00bbslide\u00bb animation_direction=\u00bbtop\u00bb animation_intensity_slide=\u00bb30%\u00bb global_colors_info=\u00bb{}\u00bb][\/et_pb_divider][\/et_pb_column][\/et_pb_row][\/et_pb_section][et_pb_section fb_built=\u00bb1&#8243; admin_label=\u00bbAbout Us Section\u00bb _builder_version=\u00bb4.18.0&#8243; background_enable_color=\u00bboff\u00bb background_enable_image=\u00bboff\u00bb background_position=\u00bbtop_left\u00bb background_blend=\u00bbmultiply\u00bb custom_margin=\u00bb|0%||0%|false|false\u00bb custom_margin_tablet=\u00bb\u00bb custom_margin_phone=\u00bb|0px||0px\u00bb custom_margin_last_edited=\u00bbon|phone\u00bb custom_padding=\u00bb0%||||false|false\u00bb animation_style=\u00bbzoom\u00bb animation_direction=\u00bbtop\u00bb animation_intensity_zoom=\u00bb5%\u00bb box_shadow_style=\u00bbpreset7&#8243; box_shadow_horizontal=\u00bb0px\u00bb box_shadow_vertical=\u00bb-200px\u00bb box_shadow_color=\u00bb#ffffff\u00bb global_colors_info=\u00bb{}\u00bb][et_pb_row _builder_version=\u00bb4.18.0&#8243; _module_preset=\u00bbdefault\u00bb global_colors_info=\u00bb{}\u00bb][et_pb_column type=\u00bb4_4&#8243; _builder_version=\u00bb4.18.0&#8243; _module_preset=\u00bbdefault\u00bb global_colors_info=\u00bb{}\u00bb][et_pb_text _builder_version=\u00bb4.18.0&#8243; _module_preset=\u00bbdefault\u00bb text_font_size=\u00bb20px\u00bb text_line_height=\u00bb1.8em\u00bb text_orientation=\u00bbjustified\u00bb global_colors_info=\u00bb{}\u00bb]<\/p>\n<h1><strong><span style=\"color: #0065a4;\">\u00bfQuienes somos?<\/span><\/strong><\/h1>\n<p><span>-Surgimos para cubrir las necesidades de todos aquellos clientes que requieran de un servicio completo (dise\u00f1o, fabricaci\u00f3n, construcci\u00f3n y puesta en marcha), as\u00ed como la simple ampliaci\u00f3n de cualquier tipo de edificaci\u00f3n industrial, comercial o habitacional.<\/span><span style=\"font-size: 16px;\"><\/span><\/p>\n<p><span>-Somos una empresa industrial y de servicio que forma parte de la construcci\u00f3n, primordialmente especializada en dise\u00f1o y fabricaci\u00f3n de acero estructural e instalaciones, adecu\u00e1ndonos al servicio total que requiera cada cliente, obteniendo al final \u201cun amigo m\u00e1s y un socio de negocio\u201d.<\/span><\/p>\n<p><span>se distingue por el liderazgo de sus directivos, gerentes y personal para manejar y coordinar equipos de trabajo a gran escala, habilidad que sabemos es indispensable para llevar a buen t\u00e9rmino los proyectos de nuestros clientes.<\/span><\/p>\n<p><span><\/span><\/p>\n<blockquote>\n<p class=\"style2\"><b>NUESTROS VALORES<\/b><\/p>\n<\/blockquote>\n<p class=\"style2\"><b><\/b><\/p>\n<div align=\"justify\" class=\"style2\">\n<ul type=\"disc\">\n<li><b>SER HUMANO<\/b><span>\u00a0<\/span>&#8211; Buscamos siempre, a trav\u00e9s de nuestro trabajo, el desarrollo y respeto al ser humano en nuestros clientes, empleados, obreros, proveedores y colaboradores.<\/li>\n<\/ul>\n<ul type=\"disc\">\n<li><b>HONRADEZ<\/b><span>\u00a0<\/span>&#8211; La principal caracter\u00edstica de COESA, es responder\u00e9 a la confianza depositada en la empresa y quienes la integramos. No solo en el manejo de recursos, sino tambi\u00e9n en la comunicaci\u00f3n y el desarrollo de nuestro trabajo diario.<\/li>\n<\/ul>\n<ul type=\"disc\">\n<li><b>SERVICIO<\/b><span>\u00a0<\/span>&#8211; Para nosotros, cada obra es un reto de servicio y calidad. Desde el momento en que el cliente solicita nuestro trabajo, obtiene de \u201cCOESA\u201d la uni\u00f3n de los esfuerzos de todas las \u00e1reas de la empresa, con el objetivo de resolver sus necesidades, por dif\u00edciles o complejas que estas sean.<\/li>\n<\/ul>\n<ul type=\"disc\">\n<li><b>RESPONSABILIDAD<\/b><span>\u00a0<\/span>&#8211; Todos los que integramos \u201cCOESA\u201d nos entregamos siempre con energ\u00eda a nuestro trabajo, conscientes de que la palabra empe\u00f1ada a nuestros clientes, proveedores y compa\u00f1eros de trabajo debe ser cumplida y siempre guiada por los valores que nuestra empresa promueve.<\/li>\n<\/ul>\n<ul type=\"disc\">\n<li><b>JUSTICIA<\/b><span>\u00a0<\/span>&#8211; Darle a cada quien lo que objetivamente le corresponde. En todas nuestras cotizaciones, negociaciones, contratos y acuerdos, debe regir la justicia.<\/li>\n<\/ul>\n<\/div>\n<p>[\/et_pb_text][\/et_pb_column][\/et_pb_row][\/et_pb_section][et_pb_section fb_built=\u00bb1&#8243; admin_label=\u00bbOther Recent Works Section\u00bb _builder_version=\u00bb4.18.0&#8243; background_color=\u00bb#0065A4&#8243; background_image=\u00bbhttps:\/\/coesa.com.mx\/project\/wp-content\/uploads\/2022\/09\/construction-site-592458_1920-1-min.jpg\u00bb background_blend=\u00bbsoft-light\u00bb custom_margin=\u00bb|||\u00bb custom_padding=\u00bb60px||110px|\u00bb global_colors_info=\u00bb{}\u00bb][et_pb_row admin_label=\u00bbService Section Title\u00bb _builder_version=\u00bb4.16&#8243; background_size=\u00bbinitial\u00bb background_position=\u00bbtop_left\u00bb background_repeat=\u00bbrepeat\u00bb custom_margin=\u00bb||40px|\u00bb animation_style=\u00bbfade\u00bb animation_direction=\u00bbtop\u00bb saved_tabs=\u00bball\u00bb global_colors_info=\u00bb{}\u00bb][et_pb_column type=\u00bb4_4&#8243; _builder_version=\u00bb4.16&#8243; custom_padding=\u00bb|||\u00bb global_colors_info=\u00bb{}\u00bb custom_padding__hover=\u00bb|||\u00bb][et_pb_text admin_label=\u00bbTitle\u00bb _builder_version=\u00bb4.18.0&#8243; text_font=\u00bbMontserrat||||||||\u00bb text_font_size=\u00bb16px\u00bb text_line_height=\u00bb1.9em\u00bb header_font=\u00bb||||||||\u00bb header_text_color=\u00bb#0065A4&#8243; header_2_font=\u00bbMontserrat|700||on|||||\u00bb header_2_text_color=\u00bb#fcd21d\u00bb header_2_font_size=\u00bb42px\u00bb header_2_line_height=\u00bb1.3em\u00bb background_size=\u00bbinitial\u00bb background_position=\u00bbtop_left\u00bb background_repeat=\u00bbrepeat\u00bb text_orientation=\u00bbcenter\u00bb max_width=\u00bb700px\u00bb module_alignment=\u00bbcenter\u00bb animation_style=\u00bbslide\u00bb animation_direction=\u00bbbottom\u00bb animation_intensity_slide=\u00bb4%\u00bb global_colors_info=\u00bb{}\u00bb]<\/p>\n<h2><span style=\"color: #ffffff;\">\u00faltimos proyectos<\/span><\/h2>\n<p>[\/et_pb_text][\/et_pb_column][\/et_pb_row][et_pb_row column_structure=\u00bb1_3,1_3,1_3&#8243; use_custom_gutter=\u00bbon\u00bb gutter_width=\u00bb2&#8243; admin_label=\u00bbOther Recent Works Area\u00bb _builder_version=\u00bb4.16&#8243; background_size=\u00bbinitial\u00bb background_position=\u00bbtop_left\u00bb background_repeat=\u00bbrepeat\u00bb max_width=\u00bb80%\u00bb use_custom_width=\u00bbon\u00bb width_unit=\u00bboff\u00bb global_colors_info=\u00bb{}\u00bb][et_pb_column type=\u00bb1_3&#8243; _builder_version=\u00bb4.16&#8243; custom_padding=\u00bb|||\u00bb global_colors_info=\u00bb{}\u00bb custom_padding__hover=\u00bb|||\u00bb][et_pb_image src=\u00bbhttps:\/\/coesa.com.mx\/project\/wp-content\/uploads\/2022\/10\/slider-coesa-img.jpg\u00bb title_text=\u00bbslider-coesa-img\u00bb show_in_lightbox=\u00bbon\u00bb use_overlay=\u00bbon\u00bb overlay_icon_color=\u00bbrgba(255,255,255,0.72)\u00bb hover_overlay_color=\u00bbrgba(255,255,255,0.76)\u00bb align_tablet=\u00bbcenter\u00bb align_phone=\u00bbcenter\u00bb align_last_edited=\u00bbon|desktop\u00bb _builder_version=\u00bb4.27.4&#8243; custom_margin=\u00bb||152px|||\u00bb custom_padding=\u00bb|0px||||\u00bb animation_style=\u00bbzoom\u00bb animation_intensity_zoom=\u00bb20%\u00bb animation_starting_opacity=\u00bb100%\u00bb border_width_all=\u00bb5px\u00bb border_color_all=\u00bb#FFFFFF\u00bb box_shadow_style=\u00bbpreset2&#8243; box_shadow_color=\u00bb#000000&#8243; global_colors_info=\u00bb{}\u00bb][\/et_pb_image][\/et_pb_column][et_pb_column type=\u00bb1_3&#8243; _builder_version=\u00bb4.16&#8243; custom_padding=\u00bb|||\u00bb global_colors_info=\u00bb{}\u00bb custom_padding__hover=\u00bb|||\u00bb][et_pb_image src=\u00bbhttps:\/\/coesa.com.mx\/project\/wp-content\/uploads\/2023\/01\/coesa1.jpg\u00bb alt=\u00bbEstructura metalica\u00bb title_text=\u00bbFabricacion Estructuras\u00bb show_in_lightbox=\u00bbon\u00bb use_overlay=\u00bbon\u00bb overlay_icon_color=\u00bbrgba(255,255,255,0.72)\u00bb hover_overlay_color=\u00bbrgba(255,255,255,0.76)\u00bb align_tablet=\u00bbcenter\u00bb align_phone=\u00bbcenter\u00bb align_last_edited=\u00bbon|desktop\u00bb _builder_version=\u00bb4.27.4&#8243; animation_style=\u00bbzoom\u00bb animation_intensity_zoom=\u00bb20%\u00bb animation_starting_opacity=\u00bb100%\u00bb border_width_all=\u00bb5px\u00bb border_color_all=\u00bb#FFFFFF\u00bb box_shadow_style=\u00bbpreset2&#8243; box_shadow_color=\u00bb#000000&#8243; global_colors_info=\u00bb{}\u00bb][\/et_pb_image][\/et_pb_column][et_pb_column type=\u00bb1_3&#8243; _builder_version=\u00bb4.16&#8243; custom_padding=\u00bb|||\u00bb global_colors_info=\u00bb{}\u00bb custom_padding__hover=\u00bb|||\u00bb][et_pb_image src=\u00bbhttps:\/\/coesa.com.mx\/project\/wp-content\/uploads\/2022\/11\/2017-10-13-111430-min.jpg\u00bb alt=\u00bbAmpliacion de estructura metalica\u00bb title_text=\u00bbEstructura metalica\u00bb show_in_lightbox=\u00bbon\u00bb use_overlay=\u00bbon\u00bb overlay_icon_color=\u00bbrgba(255,255,255,0.72)\u00bb hover_overlay_color=\u00bbrgba(255,255,255,0.76)\u00bb align_tablet=\u00bbcenter\u00bb align_phone=\u00bbcenter\u00bb align_last_edited=\u00bbon|desktop\u00bb _builder_version=\u00bb4.27.4&#8243; animation_style=\u00bbzoom\u00bb animation_intensity_zoom=\u00bb20%\u00bb animation_starting_opacity=\u00bb100%\u00bb border_width_all=\u00bb5px\u00bb border_color_all=\u00bb#FFFFFF\u00bb box_shadow_style=\u00bbpreset2&#8243; box_shadow_color=\u00bb#000000&#8243; locked=\u00bboff\u00bb global_colors_info=\u00bb{}\u00bb][\/et_pb_image][\/et_pb_column][\/et_pb_row][et_pb_row _builder_version=\u00bb4.16&#8243; background_size=\u00bbinitial\u00bb background_position=\u00bbtop_left\u00bb background_repeat=\u00bbrepeat\u00bb locked=\u00bboff\u00bb global_colors_info=\u00bb{}\u00bb][et_pb_column type=\u00bb4_4&#8243; _builder_version=\u00bb4.16&#8243; custom_padding=\u00bb|||\u00bb global_colors_info=\u00bb{}\u00bb custom_padding__hover=\u00bb|||\u00bb][et_pb_button button_url=\u00bbhttps:\/\/coesa.com.mx\/project\/proyectos\/\u00bb button_text=\u00bbProyectos realizados\u00bb button_alignment=\u00bbcenter\u00bb _builder_version=\u00bb4.27.4&#8243; custom_button=\u00bbon\u00bb button_text_color=\u00bb#FFFFFF\u00bb button_bg_color=\u00bb#0065A4&#8243; button_border_width=\u00bb2px\u00bb button_border_color=\u00bb#FFFFFF\u00bb button_letter_spacing=\u00bb2px\u00bb button_font=\u00bbMontserrat|on||on|\u00bb button_use_icon=\u00bboff\u00bb animation_style=\u00bbflip\u00bb animation_direction=\u00bbright\u00bb animation_intensity_flip=\u00bb20%\u00bb button_text_color_hover=\u00bb#747d88&#8243; button_border_color_hover=\u00bb#747d88&#8243; button_letter_spacing_hover=\u00bb2px\u00bb button_bg_color_hover=\u00bbrgba(0,0,0,0)\u00bb global_colors_info=\u00bb{}\u00bb button_text_size__hover_enabled=\u00bboff\u00bb button_one_text_size__hover_enabled=\u00bboff\u00bb button_two_text_size__hover_enabled=\u00bboff\u00bb button_text_color__hover_enabled=\u00bbon\u00bb button_one_text_color__hover_enabled=\u00bboff\u00bb button_two_text_color__hover_enabled=\u00bboff\u00bb button_border_width__hover_enabled=\u00bboff\u00bb button_one_border_width__hover_enabled=\u00bboff\u00bb button_two_border_width__hover_enabled=\u00bboff\u00bb button_border_color__hover_enabled=\u00bbon\u00bb button_border_color__hover=\u00bb#FFFFFF\u00bb button_one_border_color__hover_enabled=\u00bboff\u00bb button_two_border_color__hover_enabled=\u00bboff\u00bb button_border_radius__hover_enabled=\u00bboff\u00bb button_one_border_radius__hover_enabled=\u00bboff\u00bb button_two_border_radius__hover_enabled=\u00bboff\u00bb button_letter_spacing__hover_enabled=\u00bbon\u00bb button_letter_spacing__hover=\u00bb2px\u00bb button_one_letter_spacing__hover_enabled=\u00bboff\u00bb button_two_letter_spacing__hover_enabled=\u00bboff\u00bb button_bg_color__hover_enabled=\u00bbon|hover\u00bb button_bg_color__hover=\u00bb#0065A4&#8243; button_one_bg_color__hover_enabled=\u00bboff\u00bb button_two_bg_color__hover_enabled=\u00bboff\u00bb button_bg_enable_color__hover=\u00bbon\u00bb button_text_color__hover=\u00bb#FFFFFF\u00bb][\/et_pb_button][\/et_pb_column][\/et_pb_row][\/et_pb_section]<\/p>\n","protected":false},"excerpt":{"rendered":"<p>\u00bfQuienes somos? -Surgimos para cubrir las necesidades de todos aquellos clientes que requieran de un servicio completo (dise\u00f1o, fabricaci\u00f3n, construcci\u00f3n y puesta en marcha), as\u00ed como la simple ampliaci\u00f3n de cualquier tipo de edificaci\u00f3n industrial, comercial o habitacional. -Somos una empresa industrial y de servicio que forma parte de la construcci\u00f3n, primordialmente especializada en dise\u00f1o [&hellip;]<\/p>\n","protected":false},"author":1,"featured_media":0,"parent":0,"menu_order":0,"comment_status":"closed","ping_status":"closed","template":"","meta":{"_et_pb_use_builder":"on","_et_pb_old_content":"<!-- wp:paragraph -->\n<p>surge para cubrir las necesidades de todos aquellos clientes que requieran de un servicio completo (dise\u00f1o, fabricaci\u00f3n, construcci\u00f3n y puesta en marcha), as\u00ed como la simple ampliaci\u00f3n de cualquier tipo de edificaci\u00f3n industrial, comercial o habitacional.<\/p>\n<!-- \/wp:paragraph -->\n\n<!-- wp:paragraph -->\n<p>Nuestros servicios ser\u00e1n 100% respaldados por el conocimiento y la amplia experiencia de un excelente grupo de trabajo, logrando as\u00ed la satisfacci\u00f3n de nuestros clientes.<\/p>\n<!-- \/wp:paragraph -->\n\n<!-- wp:paragraph -->\n<p>Presupuestos detallados sin compromiso ni coste alguno para usted. Reflejando las distintas posibilidades y variantes. Precios sin competencia<\/p>\n<!-- \/wp:paragraph -->\n\n<!-- wp:paragraph -->\n<p>Asesoramiento por parte de nuestros profesionales, que escuchar\u00e1n sus necesidades para buscar juntos la mejor soluci\u00f3n.<\/p>\n<!-- \/wp:paragraph -->","_et_gb_content_width":"","footnotes":""},"class_list":["post-10","page","type-page","status-publish","hentry"],"_links":{"self":[{"href":"https:\/\/coesa.com.mx\/project\/wp-json\/wp\/v2\/pages\/10","targetHints":{"allow":["GET"]}}],"collection":[{"href":"https:\/\/coesa.com.mx\/project\/wp-json\/wp\/v2\/pages"}],"about":[{"href":"https:\/\/coesa.com.mx\/project\/wp-json\/wp\/v2\/types\/page"}],"author":[{"embeddable":true,"href":"https:\/\/coesa.com.mx\/project\/wp-json\/wp\/v2\/users\/1"}],"replies":[{"embeddable":true,"href":"https:\/\/coesa.com.mx\/project\/wp-json\/wp\/v2\/comments?post=10"}],"version-history":[{"count":12,"href":"https:\/\/coesa.com.mx\/project\/wp-json\/wp\/v2\/pages\/10\/revisions"}],"predecessor-version":[{"id":241857,"href":"https:\/\/coesa.com.mx\/project\/wp-json\/wp\/v2\/pages\/10\/revisions\/241857"}],"wp:attachment":[{"href":"https:\/\/coesa.com.mx\/project\/wp-json\/wp\/v2\/media?parent=10"}],"curies":[{"name":"wp","href":"https:\/\/api.w.org\/{rel}","templated":true}]}}